{"id":399,"date":"2015-03-06T20:45:49","date_gmt":"2015-03-06T19:45:49","guid":{"rendered":"http:\/\/moba.noethlich.info\/?page_id=399"},"modified":"2015-03-06T21:48:29","modified_gmt":"2015-03-06T20:48:29","slug":"hallenkran","status":"publish","type":"page","link":"http:\/\/moba.noethlich.info\/?page_id=399","title":{"rendered":"Hallenkran H0 (90mm)"},"content":{"rendered":"<p>Im Produktionsgeb\u00e4ude\u00a0von Auhagen wollte ich gerne einen Hallenkran einbauen. Diesen h\u00e4tte ich nat\u00fcrlich aus Profilen und diversen Materialien zusammensetzen k\u00f6nnen. Es ist aber auch ein ideales \u00dcbungsobjekt f\u00fcr die Konstruktion am PC und wegen der geringen Anforderungen an die Detaillierung (es handelt sich ja nur um eine Inneneinrichtung, die sp\u00e4ter gar nicht so genau erkennbar ist) auch f\u00fcr den einfachen 3D-Druck nach dem Schmelzschicht-Verfahren (FDM &#8211; Definition z.B. unter <a href=\"http:\/\/de.wikipedia.org\/wiki\/Fused_Deposition_Modeling\" target=\"_blank\">http:\/\/de.wikipedia.org\/wiki\/Fused_Deposition_Modeling<\/a>) geeignet.<\/p>\n<div id=\"attachment_400\" style=\"width: 810px\" class=\"wp-caption aligncenter\"><a href=\"http:\/\/moba.noethlich.info\/wp-content\/uploads\/2015\/03\/hallenkran-konstruktion.png\"><img loading=\"lazy\" decoding=\"async\" aria-describedby=\"caption-attachment-400\" class=\"size-full wp-image-400\" src=\"http:\/\/moba.noethlich.info\/wp-content\/uploads\/2015\/03\/hallenkran-konstruktion.png\" alt=\"mit TINKERCAD erstellte Konstruktion des Hallenkrans\" width=\"800\" height=\"425\" srcset=\"http:\/\/moba.noethlich.info\/wp-content\/uploads\/2015\/03\/hallenkran-konstruktion.png 800w, http:\/\/moba.noethlich.info\/wp-content\/uploads\/2015\/03\/hallenkran-konstruktion-300x159.png 300w, http:\/\/moba.noethlich.info\/wp-content\/uploads\/2015\/03\/hallenkran-konstruktion-624x332.png 624w\" sizes=\"auto, (max-width: 800px) 100vw, 800px\" \/><\/a><p id=\"caption-attachment-400\" class=\"wp-caption-text\">mit TINKERCAD erstellte Konstruktion des Hallenkrans<\/p><\/div>\n<p>Was in der Konstruktion noch sehr pr\u00e4zise aussieht, verliert beim Druck dann doch etwas:<\/p>\n<div id=\"attachment_401\" style=\"width: 810px\" class=\"wp-caption aligncenter\"><a href=\"http:\/\/moba.noethlich.info\/wp-content\/uploads\/2015\/03\/2015-03-06-6196-Hallenkran.jpg\"><img loading=\"lazy\" decoding=\"async\" aria-describedby=\"caption-attachment-401\" class=\"size-full wp-image-401\" src=\"http:\/\/moba.noethlich.info\/wp-content\/uploads\/2015\/03\/2015-03-06-6196-Hallenkran.jpg\" alt=\"gedruckter Hallenkran - vorne bereits lackiert\" width=\"800\" height=\"529\" srcset=\"http:\/\/moba.noethlich.info\/wp-content\/uploads\/2015\/03\/2015-03-06-6196-Hallenkran.jpg 800w, http:\/\/moba.noethlich.info\/wp-content\/uploads\/2015\/03\/2015-03-06-6196-Hallenkran-300x198.jpg 300w, http:\/\/moba.noethlich.info\/wp-content\/uploads\/2015\/03\/2015-03-06-6196-Hallenkran-624x413.jpg 624w\" sizes=\"auto, (max-width: 800px) 100vw, 800px\" \/><\/a><p id=\"caption-attachment-401\" class=\"wp-caption-text\">gedruckter Hallenkran &#8211; vorne bereits lackiert<\/p><\/div>\n<p>Problem ist hier sicher die Aufl\u00f6sung von &#8222;nur&#8220; 0,254 mm Schichtst\u00e4rke.\u00a0Bei senkrechten und waagerechten Fl\u00e4chen ist dies v\u00f6llig unproblematisch. Bei schr\u00e4gen Fl\u00e4chen kommt es jedoch zu\u00a0deutlich sichtbaren Stufen.<\/p>\n<p>F\u00fcr den vorgesehenen Zweck ist das Ergebnis jedoch vollkommen ausreichend. Wer gerade Zugang zu einem 3D-Drucker\u00a0und f\u00fcr den kleinen Kran Verwendung hat, der kann diesen gerne nachdrucken: <a href=\"http:\/\/moba.noethlich.info\/wp-content\/uploads\/2015\/03\/hallenkran-90.zip\">Download STL-Datei Hallenkran<\/a>\u00a0.<\/p>\n","protected":false},"excerpt":{"rendered":"<p>Im Produktionsgeb\u00e4ude\u00a0von Auhagen wollte ich gerne einen Hallenkran einbauen. Diesen h\u00e4tte ich nat\u00fcrlich aus Profilen und diversen Materialien zusammensetzen k\u00f6nnen. Es ist aber auch ein ideales \u00dcbungsobjekt f\u00fcr die Konstruktion am PC und wegen der geringen Anforderungen an die Detaillierung (es handelt sich ja nur um eine Inneneinrichtung, die sp\u00e4ter gar nicht so genau erkennbar [&hellip;]<\/p>\n","protected":false},"author":1,"featured_media":0,"parent":393,"menu_order":0,"comment_status":"closed","ping_status":"closed","template":"","meta":{"footnotes":""},"class_list":["post-399","page","type-page","status-publish","hentry"],"_links":{"self":[{"href":"http:\/\/moba.noethlich.info\/index.php?rest_route=\/wp\/v2\/pages\/399","targetHints":{"allow":["GET"]}}],"collection":[{"href":"http:\/\/moba.noethlich.info\/index.php?rest_route=\/wp\/v2\/pages"}],"about":[{"href":"http:\/\/moba.noethlich.info\/index.php?rest_route=\/wp\/v2\/types\/page"}],"author":[{"embeddable":true,"href":"http:\/\/moba.noethlich.info\/index.php?rest_route=\/wp\/v2\/users\/1"}],"replies":[{"embeddable":true,"href":"http:\/\/moba.noethlich.info\/index.php?rest_route=%2Fwp%2Fv2%2Fcomments&post=399"}],"version-history":[{"count":9,"href":"http:\/\/moba.noethlich.info\/index.php?rest_route=\/wp\/v2\/pages\/399\/revisions"}],"predecessor-version":[{"id":430,"href":"http:\/\/moba.noethlich.info\/index.php?rest_route=\/wp\/v2\/pages\/399\/revisions\/430"}],"up":[{"embeddable":true,"href":"http:\/\/moba.noethlich.info\/index.php?rest_route=\/wp\/v2\/pages\/393"}],"wp:attachment":[{"href":"http:\/\/moba.noethlich.info\/index.php?rest_route=%2Fwp%2Fv2%2Fmedia&parent=399"}],"curies":[{"name":"wp","href":"https:\/\/api.w.org\/{rel}","templated":true}]}}