{"id":472,"date":"2015-05-13T13:43:21","date_gmt":"2015-05-13T11:43:21","guid":{"rendered":"http:\/\/moba.noethlich.info\/?page_id=472"},"modified":"2015-05-13T14:19:04","modified_gmt":"2015-05-13T12:19:04","slug":"kleine-schuettgutverladung","status":"publish","type":"page","link":"http:\/\/moba.noethlich.info\/?page_id=472","title":{"rendered":"Kleine Sch\u00fcttgutverladung"},"content":{"rendered":"<p>In der\u00a0Ecke &#8222;vorne links&#8220;\u00a0auf meiner Anlage\u00a0soll eine kleine Verladeanlage f\u00fcr Sch\u00fcttg\u00fcter entstehen. Als Ausgangsmaterial dienen Baus\u00e4tze von <a href=\"http:\/\/mehbu-lasertechnik.de\/\" target=\"_blank\">Mehbu Lasertechnik<\/a>, und zwar im einzelnen Art.Nr. 22030 &#8222;Kleine Verladung&#8220;, 22031 &#8222;Lorenaufzug&#8220;, 22020 &#8222;Transportbr\u00fccke&#8220;, 22021 &#8222;St\u00fctzen f\u00fcr Transportbr\u00fccke&#8220; und\u00a022022 &#8222;Transportbr\u00fccke mit Drehscheiben&#8220;. Sp\u00e4ter kommt dann noch Artikel 22041 &#8222;F\u00f6rderwagen&#8220; zur Ausgestaltung dazu.<\/p>\n<p>Die &#8222;Kleine Verladung mit Kreiselkipper&#8220; und eine &#8222;St\u00fctze&#8220; hier zur ersten Stellprobe:<\/p>\n<p><a href=\"http:\/\/moba.noethlich.info\/wp-content\/uploads\/2015\/05\/2012-07-15-5449-Verladung.jpg\"><img loading=\"lazy\" decoding=\"async\" class=\"aligncenter size-full wp-image-473\" src=\"http:\/\/moba.noethlich.info\/wp-content\/uploads\/2015\/05\/2012-07-15-5449-Verladung.jpg\" alt=\"2012-07-15-5449-Verladung\" width=\"800\" height=\"485\" srcset=\"http:\/\/moba.noethlich.info\/wp-content\/uploads\/2015\/05\/2012-07-15-5449-Verladung.jpg 800w, http:\/\/moba.noethlich.info\/wp-content\/uploads\/2015\/05\/2012-07-15-5449-Verladung-300x182.jpg 300w, http:\/\/moba.noethlich.info\/wp-content\/uploads\/2015\/05\/2012-07-15-5449-Verladung-624x378.jpg 624w\" sizes=\"auto, (max-width: 800px) 100vw, 800px\" \/><\/a><\/p>\n<p>Das Arrangement auf dem Basteltisch &#8230; die Herausforderung bestand hier weniger in der Montage der Baus\u00e4tze sondern in der individuellen Anpassung (die Transportbr\u00fccke mit Drehscheiben ist eigentlich nicht daf\u00fcr ausgelegt, an beiden Seiten etwas anzubauen). An Gel\u00e4ndern und Unterz\u00fcgen ist also an einigen Stellen das Skalpell anzusetzen (und einige Tr\u00e4gerblenden fehlen auf den Bildern noch &#8211; da sieht man noch die Verzapfung der Teile):<\/p>\n<p><a href=\"http:\/\/moba.noethlich.info\/wp-content\/uploads\/2015\/05\/2012-07-15-5454-Verladung.jpg\"><img loading=\"lazy\" decoding=\"async\" class=\"aligncenter size-full wp-image-475\" src=\"http:\/\/moba.noethlich.info\/wp-content\/uploads\/2015\/05\/2012-07-15-5454-Verladung.jpg\" alt=\"2012-07-15-5454-Verladung\" width=\"800\" height=\"604\" srcset=\"http:\/\/moba.noethlich.info\/wp-content\/uploads\/2015\/05\/2012-07-15-5454-Verladung.jpg 800w, http:\/\/moba.noethlich.info\/wp-content\/uploads\/2015\/05\/2012-07-15-5454-Verladung-300x227.jpg 300w, http:\/\/moba.noethlich.info\/wp-content\/uploads\/2015\/05\/2012-07-15-5454-Verladung-624x471.jpg 624w\" sizes=\"auto, (max-width: 800px) 100vw, 800px\" \/><\/a><\/p>\n<p>Es folgt die Stellprobe auf der Anlage:<\/p>\n<p><a href=\"http:\/\/moba.noethlich.info\/wp-content\/uploads\/2015\/05\/2012-07-15-5458-Verladung.jpg\"><img loading=\"lazy\" decoding=\"async\" class=\"aligncenter size-full wp-image-476\" src=\"http:\/\/moba.noethlich.info\/wp-content\/uploads\/2015\/05\/2012-07-15-5458-Verladung.jpg\" alt=\"2012-07-15-5458-Verladung\" width=\"800\" height=\"514\" srcset=\"http:\/\/moba.noethlich.info\/wp-content\/uploads\/2015\/05\/2012-07-15-5458-Verladung.jpg 800w, http:\/\/moba.noethlich.info\/wp-content\/uploads\/2015\/05\/2012-07-15-5458-Verladung-300x193.jpg 300w, http:\/\/moba.noethlich.info\/wp-content\/uploads\/2015\/05\/2012-07-15-5458-Verladung-624x401.jpg 624w\" sizes=\"auto, (max-width: 800px) 100vw, 800px\" \/><\/a><\/p>\n<p>Dort sind inzwischen auch Fortschritte an Gleislage und Elektrik zu verzeichnen:<\/p>\n<p><a href=\"http:\/\/moba.noethlich.info\/wp-content\/uploads\/2015\/05\/2012-07-15-5471-Verladung.jpg\"><img loading=\"lazy\" decoding=\"async\" class=\"aligncenter size-full wp-image-477\" src=\"http:\/\/moba.noethlich.info\/wp-content\/uploads\/2015\/05\/2012-07-15-5471-Verladung.jpg\" alt=\"2012-07-15-5471-Verladung\" width=\"800\" height=\"485\" srcset=\"http:\/\/moba.noethlich.info\/wp-content\/uploads\/2015\/05\/2012-07-15-5471-Verladung.jpg 800w, http:\/\/moba.noethlich.info\/wp-content\/uploads\/2015\/05\/2012-07-15-5471-Verladung-300x182.jpg 300w, http:\/\/moba.noethlich.info\/wp-content\/uploads\/2015\/05\/2012-07-15-5471-Verladung-624x378.jpg 624w\" sizes=\"auto, (max-width: 800px) 100vw, 800px\" \/><\/a><\/p>\n<p>Bevor nun die Gleise eingeschottert und das Gel\u00e4nde besandet und begr\u00fcnt wird, sind nat\u00fcrlich umfangreiche Probefahrten erforderlich &#8230;<\/p>\n<p><a href=\"http:\/\/moba.noethlich.info\/wp-content\/uploads\/2015\/05\/2012-07-15-5475-Verladung.jpg\"><img loading=\"lazy\" decoding=\"async\" class=\"aligncenter size-full wp-image-478\" src=\"http:\/\/moba.noethlich.info\/wp-content\/uploads\/2015\/05\/2012-07-15-5475-Verladung.jpg\" alt=\"2012-07-15-5475-Verladung\" width=\"800\" height=\"389\" srcset=\"http:\/\/moba.noethlich.info\/wp-content\/uploads\/2015\/05\/2012-07-15-5475-Verladung.jpg 800w, http:\/\/moba.noethlich.info\/wp-content\/uploads\/2015\/05\/2012-07-15-5475-Verladung-300x146.jpg 300w, http:\/\/moba.noethlich.info\/wp-content\/uploads\/2015\/05\/2012-07-15-5475-Verladung-624x303.jpg 624w\" sizes=\"auto, (max-width: 800px) 100vw, 800px\" \/><\/a><\/p>\n<p>Ein paar Wochen sp\u00e4ter sieht das Umfeld schon\u00a0etwas nat\u00fcrlicher aus &#8211; dazugekommen ist der Posten 210 von <a href=\"http:\/\/lasercut-welten.de\/\" target=\"_blank\">Joswood<\/a>:<\/p>\n<p><a href=\"http:\/\/moba.noethlich.info\/wp-content\/uploads\/2015\/05\/2012-07-30-5493-Posten210.jpg\"><img loading=\"lazy\" decoding=\"async\" class=\"aligncenter size-full wp-image-480\" src=\"http:\/\/moba.noethlich.info\/wp-content\/uploads\/2015\/05\/2012-07-30-5493-Posten210.jpg\" alt=\"2012-07-30-5493-Posten210\" width=\"800\" height=\"591\" srcset=\"http:\/\/moba.noethlich.info\/wp-content\/uploads\/2015\/05\/2012-07-30-5493-Posten210.jpg 800w, http:\/\/moba.noethlich.info\/wp-content\/uploads\/2015\/05\/2012-07-30-5493-Posten210-300x222.jpg 300w, http:\/\/moba.noethlich.info\/wp-content\/uploads\/2015\/05\/2012-07-30-5493-Posten210-624x461.jpg 624w\" sizes=\"auto, (max-width: 800px) 100vw, 800px\" \/><\/a><\/p>\n<p><a href=\"http:\/\/moba.noethlich.info\/wp-content\/uploads\/2015\/05\/2012-07-30-5500-Verladung.jpg\"><img loading=\"lazy\" decoding=\"async\" class=\"aligncenter size-full wp-image-479\" src=\"http:\/\/moba.noethlich.info\/wp-content\/uploads\/2015\/05\/2012-07-30-5500-Verladung.jpg\" alt=\"2012-07-30-5500-Verladung\" width=\"800\" height=\"492\" srcset=\"http:\/\/moba.noethlich.info\/wp-content\/uploads\/2015\/05\/2012-07-30-5500-Verladung.jpg 800w, http:\/\/moba.noethlich.info\/wp-content\/uploads\/2015\/05\/2012-07-30-5500-Verladung-300x185.jpg 300w, http:\/\/moba.noethlich.info\/wp-content\/uploads\/2015\/05\/2012-07-30-5500-Verladung-624x384.jpg 624w\" sizes=\"auto, (max-width: 800px) 100vw, 800px\" \/><\/a><\/p>\n<p>Ende 2012 ist die Szene grob fertig gestellt &#8211; der Weihnachtsbaum wird nat\u00fcrlich nach Weihnachten &#8222;gef\u00e4llt&#8220; und muss dann wieder f\u00fcr 11 Monate in den Schrank &#8230;<\/p>\n<p><a href=\"http:\/\/moba.noethlich.info\/wp-content\/uploads\/2015\/05\/2012-12-02-5595.jpg\"><img loading=\"lazy\" decoding=\"async\" class=\"aligncenter size-full wp-image-484\" src=\"http:\/\/moba.noethlich.info\/wp-content\/uploads\/2015\/05\/2012-12-02-5595.jpg\" alt=\"2012-12-02-5595\" width=\"800\" height=\"550\" srcset=\"http:\/\/moba.noethlich.info\/wp-content\/uploads\/2015\/05\/2012-12-02-5595.jpg 800w, http:\/\/moba.noethlich.info\/wp-content\/uploads\/2015\/05\/2012-12-02-5595-300x206.jpg 300w, http:\/\/moba.noethlich.info\/wp-content\/uploads\/2015\/05\/2012-12-02-5595-624x429.jpg 624w\" sizes=\"auto, (max-width: 800px) 100vw, 800px\" \/><\/a><\/p>\n<p>Wer genau hinschaut, erkennt auch\u00a0den ersten Teil der Hintergrundkulisse. F\u00fcr die weitere Detail-Gestaltung hat die Zeit bisher leider nicht gereicht.<\/p>\n","protected":false},"excerpt":{"rendered":"<p>In der\u00a0Ecke &#8222;vorne links&#8220;\u00a0auf meiner Anlage\u00a0soll eine kleine Verladeanlage f\u00fcr Sch\u00fcttg\u00fcter entstehen. Als Ausgangsmaterial dienen Baus\u00e4tze von Mehbu Lasertechnik, und zwar im einzelnen Art.Nr. 22030 &#8222;Kleine Verladung&#8220;, 22031 &#8222;Lorenaufzug&#8220;, 22020 &#8222;Transportbr\u00fccke&#8220;, 22021 &#8222;St\u00fctzen f\u00fcr Transportbr\u00fccke&#8220; und\u00a022022 &#8222;Transportbr\u00fccke mit Drehscheiben&#8220;. Sp\u00e4ter kommt dann noch Artikel 22041 &#8222;F\u00f6rderwagen&#8220; zur Ausgestaltung dazu. Die &#8222;Kleine Verladung mit Kreiselkipper&#8220; und [&hellip;]<\/p>\n","protected":false},"author":1,"featured_media":0,"parent":53,"menu_order":0,"comment_status":"closed","ping_status":"closed","template":"","meta":{"footnotes":""},"class_list":["post-472","page","type-page","status-publish","hentry"],"_links":{"self":[{"href":"http:\/\/moba.noethlich.info\/index.php?rest_route=\/wp\/v2\/pages\/472","targetHints":{"allow":["GET"]}}],"collection":[{"href":"http:\/\/moba.noethlich.info\/index.php?rest_route=\/wp\/v2\/pages"}],"about":[{"href":"http:\/\/moba.noethlich.info\/index.php?rest_route=\/wp\/v2\/types\/page"}],"author":[{"embeddable":true,"href":"http:\/\/moba.noethlich.info\/index.php?rest_route=\/wp\/v2\/users\/1"}],"replies":[{"embeddable":true,"href":"http:\/\/moba.noethlich.info\/index.php?rest_route=%2Fwp%2Fv2%2Fcomments&post=472"}],"version-history":[{"count":9,"href":"http:\/\/moba.noethlich.info\/index.php?rest_route=\/wp\/v2\/pages\/472\/revisions"}],"predecessor-version":[{"id":493,"href":"http:\/\/moba.noethlich.info\/index.php?rest_route=\/wp\/v2\/pages\/472\/revisions\/493"}],"up":[{"embeddable":true,"href":"http:\/\/moba.noethlich.info\/index.php?rest_route=\/wp\/v2\/pages\/53"}],"wp:attachment":[{"href":"http:\/\/moba.noethlich.info\/index.php?rest_route=%2Fwp%2Fv2%2Fmedia&parent=472"}],"curies":[{"name":"wp","href":"https:\/\/api.w.org\/{rel}","templated":true}]}}

Kleine Schüttgutverladung

<p>In der Ecke &#8222;vorne links&#8220; auf meiner Anlage soll eine kleine Verladeanlage für Schüttgüter entstehen. Als Ausgangsmaterial dienen Bausätze von <a href="http://mehbu-lasertechnik.de/" target="_blank">Mehbu Lasertechnik</a>, und zwar im einzelnen Art.Nr. 22030 &#8222;Kleine Verladung&#8220;, 22031 &#8222;Lorenaufzug&#8220;, 22020 &#8222;Transportbrücke&#8220;, 22021 &#8222;Stützen für Transportbrücke&#8220; und 22022 &#8222;Transportbrücke mit Drehscheiben&#8220;. Später kommt dann noch Artikel 22041 &#8222;Förderwagen&#8220; zur Ausgestaltung dazu.</p>
<p>Die &#8222;Kleine Verladung mit Kreiselkipper&#8220; und eine &#8222;Stütze&#8220; hier zur ersten Stellprobe:</p>
<p><a href="http://moba.noethlich.info/wp-content/uploads/2015/05/2012-07-15-5449-Verladung.jpg"><img loading="lazy" decoding="async" class="aligncenter size-full wp-image-473" src="http://moba.noethlich.info/wp-content/uploads/2015/05/2012-07-15-5449-Verladung.jpg" alt="2012-07-15-5449-Verladung" width="800" height="485" srcset="http://moba.noethlich.info/wp-content/uploads/2015/05/2012-07-15-5449-Verladung.jpg 800w, http://moba.noethlich.info/wp-content/uploads/2015/05/2012-07-15-5449-Verladung-300x182.jpg 300w, http://moba.noethlich.info/wp-content/uploads/2015/05/2012-07-15-5449-Verladung-624x378.jpg 624w" sizes="auto, (max-width: 800px) 100vw, 800px" /></a></p>
<p>Das Arrangement auf dem Basteltisch &#8230; die Herausforderung bestand hier weniger in der Montage der Bausätze sondern in der individuellen Anpassung (die Transportbrücke mit Drehscheiben ist eigentlich nicht dafür ausgelegt, an beiden Seiten etwas anzubauen). An Geländern und Unterzügen ist also an einigen Stellen das Skalpell anzusetzen (und einige Trägerblenden fehlen auf den Bildern noch &#8211; da sieht man noch die Verzapfung der Teile):</p>
<p><a href="http://moba.noethlich.info/wp-content/uploads/2015/05/2012-07-15-5454-Verladung.jpg"><img loading="lazy" decoding="async" class="aligncenter size-full wp-image-475" src="http://moba.noethlich.info/wp-content/uploads/2015/05/2012-07-15-5454-Verladung.jpg" alt="2012-07-15-5454-Verladung" width="800" height="604" srcset="http://moba.noethlich.info/wp-content/uploads/2015/05/2012-07-15-5454-Verladung.jpg 800w, http://moba.noethlich.info/wp-content/uploads/2015/05/2012-07-15-5454-Verladung-300x227.jpg 300w, http://moba.noethlich.info/wp-content/uploads/2015/05/2012-07-15-5454-Verladung-624x471.jpg 624w" sizes="auto, (max-width: 800px) 100vw, 800px" /></a></p>
<p>Es folgt die Stellprobe auf der Anlage:</p>
<p><a href="http://moba.noethlich.info/wp-content/uploads/2015/05/2012-07-15-5458-Verladung.jpg"><img loading="lazy" decoding="async" class="aligncenter size-full wp-image-476" src="http://moba.noethlich.info/wp-content/uploads/2015/05/2012-07-15-5458-Verladung.jpg" alt="2012-07-15-5458-Verladung" width="800" height="514" srcset="http://moba.noethlich.info/wp-content/uploads/2015/05/2012-07-15-5458-Verladung.jpg 800w, http://moba.noethlich.info/wp-content/uploads/2015/05/2012-07-15-5458-Verladung-300x193.jpg 300w, http://moba.noethlich.info/wp-content/uploads/2015/05/2012-07-15-5458-Verladung-624x401.jpg 624w" sizes="auto, (max-width: 800px) 100vw, 800px" /></a></p>
<p>Dort sind inzwischen auch Fortschritte an Gleislage und Elektrik zu verzeichnen:</p>
<p><a href="http://moba.noethlich.info/wp-content/uploads/2015/05/2012-07-15-5471-Verladung.jpg"><img loading="lazy" decoding="async" class="aligncenter size-full wp-image-477" src="http://moba.noethlich.info/wp-content/uploads/2015/05/2012-07-15-5471-Verladung.jpg" alt="2012-07-15-5471-Verladung" width="800" height="485" srcset="http://moba.noethlich.info/wp-content/uploads/2015/05/2012-07-15-5471-Verladung.jpg 800w, http://moba.noethlich.info/wp-content/uploads/2015/05/2012-07-15-5471-Verladung-300x182.jpg 300w, http://moba.noethlich.info/wp-content/uploads/2015/05/2012-07-15-5471-Verladung-624x378.jpg 624w" sizes="auto, (max-width: 800px) 100vw, 800px" /></a></p>
<p>Bevor nun die Gleise eingeschottert und das Gelände besandet und begrünt wird, sind natürlich umfangreiche Probefahrten erforderlich &#8230;</p>
<p><a href="http://moba.noethlich.info/wp-content/uploads/2015/05/2012-07-15-5475-Verladung.jpg"><img loading="lazy" decoding="async" class="aligncenter size-full wp-image-478" src="http://moba.noethlich.info/wp-content/uploads/2015/05/2012-07-15-5475-Verladung.jpg" alt="2012-07-15-5475-Verladung" width="800" height="389" srcset="http://moba.noethlich.info/wp-content/uploads/2015/05/2012-07-15-5475-Verladung.jpg 800w, http://moba.noethlich.info/wp-content/uploads/2015/05/2012-07-15-5475-Verladung-300x146.jpg 300w, http://moba.noethlich.info/wp-content/uploads/2015/05/2012-07-15-5475-Verladung-624x303.jpg 624w" sizes="auto, (max-width: 800px) 100vw, 800px" /></a></p>
<p>Ein paar Wochen später sieht das Umfeld schon etwas natürlicher aus &#8211; dazugekommen ist der Posten 210 von <a href="http://lasercut-welten.de/" target="_blank">Joswood</a>:</p>
<p><a href="http://moba.noethlich.info/wp-content/uploads/2015/05/2012-07-30-5493-Posten210.jpg"><img loading="lazy" decoding="async" class="aligncenter size-full wp-image-480" src="http://moba.noethlich.info/wp-content/uploads/2015/05/2012-07-30-5493-Posten210.jpg" alt="2012-07-30-5493-Posten210" width="800" height="591" srcset="http://moba.noethlich.info/wp-content/uploads/2015/05/2012-07-30-5493-Posten210.jpg 800w, http://moba.noethlich.info/wp-content/uploads/2015/05/2012-07-30-5493-Posten210-300x222.jpg 300w, http://moba.noethlich.info/wp-content/uploads/2015/05/2012-07-30-5493-Posten210-624x461.jpg 624w" sizes="auto, (max-width: 800px) 100vw, 800px" /></a></p>
<p><a href="http://moba.noethlich.info/wp-content/uploads/2015/05/2012-07-30-5500-Verladung.jpg"><img loading="lazy" decoding="async" class="aligncenter size-full wp-image-479" src="http://moba.noethlich.info/wp-content/uploads/2015/05/2012-07-30-5500-Verladung.jpg" alt="2012-07-30-5500-Verladung" width="800" height="492" srcset="http://moba.noethlich.info/wp-content/uploads/2015/05/2012-07-30-5500-Verladung.jpg 800w, http://moba.noethlich.info/wp-content/uploads/2015/05/2012-07-30-5500-Verladung-300x185.jpg 300w, http://moba.noethlich.info/wp-content/uploads/2015/05/2012-07-30-5500-Verladung-624x384.jpg 624w" sizes="auto, (max-width: 800px) 100vw, 800px" /></a></p>
<p>Ende 2012 ist die Szene grob fertig gestellt &#8211; der Weihnachtsbaum wird natürlich nach Weihnachten &#8222;gefällt&#8220; und muss dann wieder für 11 Monate in den Schrank &#8230;</p>
<p><a href="http://moba.noethlich.info/wp-content/uploads/2015/05/2012-12-02-5595.jpg"><img loading="lazy" decoding="async" class="aligncenter size-full wp-image-484" src="http://moba.noethlich.info/wp-content/uploads/2015/05/2012-12-02-5595.jpg" alt="2012-12-02-5595" width="800" height="550" srcset="http://moba.noethlich.info/wp-content/uploads/2015/05/2012-12-02-5595.jpg 800w, http://moba.noethlich.info/wp-content/uploads/2015/05/2012-12-02-5595-300x206.jpg 300w, http://moba.noethlich.info/wp-content/uploads/2015/05/2012-12-02-5595-624x429.jpg 624w" sizes="auto, (max-width: 800px) 100vw, 800px" /></a></p>
<p>Wer genau hinschaut, erkennt auch den ersten Teil der Hintergrundkulisse. Für die weitere Detail-Gestaltung hat die Zeit bisher leider nicht gereicht.</p>

<p>In der Ecke &#8222;vorne links&#8220; auf meiner Anlage soll eine kleine Verladeanlage für Schüttgüter entstehen. Als Ausgangsmaterial dienen Bausätze von Mehbu Lasertechnik, und zwar im einzelnen Art.Nr. 22030 &#8222;Kleine Verladung&#8220;, 22031 &#8222;Lorenaufzug&#8220;, 22020 &#8222;Transportbrücke&#8220;, 22021 &#8222;Stützen für Transportbrücke&#8220; und 22022 &#8222;Transportbrücke mit Drehscheiben&#8220;. Später kommt dann noch Artikel 22041 &#8222;Förderwagen&#8220; zur Ausgestaltung dazu. Die &#8222;Kleine Verladung mit Kreiselkipper&#8220; und [&hellip;]</p>
