{"id":520,"date":"2015-07-24T12:27:04","date_gmt":"2015-07-24T10:27:04","guid":{"rendered":"http:\/\/moba.noethlich.info\/?page_id=520"},"modified":"2017-02-04T15:15:22","modified_gmt":"2017-02-04T14:15:22","slug":"gueterwagen-und-ladegueter","status":"publish","type":"page","link":"http:\/\/moba.noethlich.info\/?page_id=520","title":{"rendered":"G\u00fcterwagen und Ladeg\u00fcter"},"content":{"rendered":"<p>Inspiriert durch verschiedene Artikel auf <a href=\"https:\/\/1zu45.wordpress.com\/\" target=\"_blank\">http:\/\/1zu45.wordpress.com\/<\/a>&nbsp;habe ich begonnen, mich ebenfalls mit den Aspekten der Beladung von G\u00fcterwagen zu besch\u00e4ftigen. Neben der (vorbildgerechten) Optik und sollen nun auch das Wagengewicht bzgl. Vorbild, <a href=\"http:\/\/www.morop.eu\/de\/normes\/nem302_d.pdf\" target=\"_blank\">NEM 302<\/a> und Beladungszustand&nbsp;ber\u00fccksichtigt werden.<\/p>\n<p>Mangels eigener Anlage macht es sicher Sinn, die NEM-Vorgaben zugunsten der sp\u00e4teren Betriebssicherheit der Wagen z.B. auf einer Vereinsanlage zu ber\u00fccksichtigen. Andererseits h\u00e4tte ich gerne einen in der Fahrdynamik f\u00fchl- bzw. sp\u00fcrbaren Unterschied zwischen beladenen und nicht beladenen Wagen, was zu einem gewissen Interessenkonflikt f\u00fchrt.<\/p>\n<p>So hat z.B. der einfache Om12 im Original ein Leergewicht von 10 Tonnen und eine maximale Zuladung von 20 Tonnen, was im Ma\u00dfstab 1:45 etwa 110g bis 329g entspricht. Die NEM 302 gibt basierend auf der L\u00fcP von 202mm einen Bereich von 202g bis 263g vor. Dieses Intervall liegt nun zwar gl\u00fccklicherweise komplett innerhalb des &#8222;ma\u00dfst\u00e4blichen&#8220; Gewichtsintervalls, stellt aber den kompletten Umfang nur unzureichend dar (ca. 30% Zuladung statt vorbildgerecht m\u00f6glicher 200% gemessen am Leergewicht). Dazu kommt, dass der leere Wagen von Lenz mit 243g schon in der oberen H\u00e4lfte dieses Intervalls liegt und somit im Sinne der obigen \u00dcberlegungen gar nicht als Leerwagen zu betreiben ist.&nbsp;Konsequenterweise m\u00fcsste also&nbsp;nun eine Ladung her, die den Wagen mit 14 Tonnen (auf 24 Tonnen umgerechnete 263g abz\u00fcglich 10 Tonnen Leergewicht)&nbsp;zu etwa 3\/4 beladen zeigt, selbst aber nur 20g Zuladung mitbringt.<\/p>\n<p>Leider bringen meine selbst gefertigten Kohle-Eins\u00e4tze schon ca. 90g auf die Waage &#8211; das ginge sicher auch etwas leichter, aber auf 20g komme ich wohl kaum.<\/p>\n<p><a href=\"http:\/\/moba.noethlich.info\/wp-content\/uploads\/2015\/08\/2015-08-04-6344.jpg\"><img loading=\"lazy\" decoding=\"async\" width=\"1000\" height=\"545\" class=\"aligncenter size-full wp-image-549\" alt=\"2015-08-04-6344\" src=\"http:\/\/moba.noethlich.info\/wp-content\/uploads\/2015\/08\/2015-08-04-6344.jpg\" srcset=\"http:\/\/moba.noethlich.info\/wp-content\/uploads\/2015\/08\/2015-08-04-6344.jpg 1000w, http:\/\/moba.noethlich.info\/wp-content\/uploads\/2015\/08\/2015-08-04-6344-300x164.jpg 300w, http:\/\/moba.noethlich.info\/wp-content\/uploads\/2015\/08\/2015-08-04-6344-624x340.jpg 624w\" sizes=\"auto, (max-width: 1000px) 100vw, 1000px\" \/><\/a><\/p>\n<p>Noch schlechter wird das Verh\u00e4ltnis z.B. mit dem Omm32 von Lenz &#8211; dieser \u00fcberschreitet mit ca. 318g Leergewicht schon das gem\u00e4\u00df NEM zul\u00e4ssige H\u00f6chstgewicht von 290g um etwa 10%.<\/p>\n<p>Dies gilt allerdings auch f\u00fcr weitere Wagen der Firma Lenz. Der G10 z.B. wiegt etwa 345g und \u00fcberschreitet damit das&nbsp;gem\u00e4\u00df NEM vorgegeben Maximalgewicht von 268g sogar um fast 30%, w\u00e4hrend der &#8222;Oppeln&#8220; von Brawa mit lediglich 210g am unteren Ende des Bereichs von 202g bis 263g gem\u00e4\u00df NEM liegt. Nun sieht man G-Wagen zwar nicht an, ob sie beladen oder leer sind, aber ich misstraue den Gewichtsunterschieden hinsichtlich eines sicheren gemeinsamen Fahrbetriebs. Meine Oppeln habe ich daher mit zus\u00e4tzlichen 50g Gewicht versehen, womit der Wagen gewichtsm\u00e4\u00dfig n\u00e4her an die Lenz-Wagen heranr\u00fcckt, aber immer noch im Rahmen der NEM-Vorgaben liegt.<\/p>\n<p>Der SS15 von Schnellenkamp&nbsp;bringt 236g auf die Waage &#8211; das ist vorbildgerecht, aber&nbsp;unterhalb des von der NEM vorgegebenen Mindestgewichts von&nbsp;383g, welches er aber dann problemlos mit einer 154g schweren R\u00f6hrenladung&nbsp;erreicht (die d\u00fcrfte vielleicht sogar noch etwas schwerer sein).<\/p>\n<p><a href=\"http:\/\/moba.noethlich.info\/wp-content\/uploads\/2015\/07\/2017-01-15-6569-1000.jpg\"><img loading=\"lazy\" decoding=\"async\" width=\"1000\" height=\"456\" class=\"aligncenter size-full wp-image-707\" alt=\"\" src=\"http:\/\/moba.noethlich.info\/wp-content\/uploads\/2015\/07\/2017-01-15-6569-1000.jpg\" srcset=\"http:\/\/moba.noethlich.info\/wp-content\/uploads\/2015\/07\/2017-01-15-6569-1000.jpg 1000w, http:\/\/moba.noethlich.info\/wp-content\/uploads\/2015\/07\/2017-01-15-6569-1000-300x137.jpg 300w, http:\/\/moba.noethlich.info\/wp-content\/uploads\/2015\/07\/2017-01-15-6569-1000-768x350.jpg 768w, http:\/\/moba.noethlich.info\/wp-content\/uploads\/2015\/07\/2017-01-15-6569-1000-624x285.jpg 624w\" sizes=\"auto, (max-width: 1000px) 100vw, 1000px\" \/><\/a><\/p>\n<p>Insgesamt werde ich also zwangsl\u00e4ufig die Vorgaben der NEM 302 nicht durchg\u00e4ngig einhalten k\u00f6nnen und muss nun nach Erfahrungen mit dem Wagengewicht im Anlagenbetrieb suchen &#8230;<\/p>\n","protected":false},"excerpt":{"rendered":"<p>Inspiriert durch verschiedene Artikel auf http:\/\/1zu45.wordpress.com\/&nbsp;habe ich begonnen, mich ebenfalls mit den Aspekten der Beladung von G\u00fcterwagen zu besch\u00e4ftigen. Neben der (vorbildgerechten) Optik und sollen nun auch das Wagengewicht bzgl. Vorbild, NEM 302 und Beladungszustand&nbsp;ber\u00fccksichtigt werden. Mangels eigener Anlage macht es sicher Sinn, die NEM-Vorgaben zugunsten der sp\u00e4teren Betriebssicherheit der Wagen z.B. auf einer Vereinsanlage [&hellip;]<\/p>\n","protected":false},"author":1,"featured_media":0,"parent":406,"menu_order":0,"comment_status":"closed","ping_status":"closed","template":"","meta":{"footnotes":""},"class_list":["post-520","page","type-page","status-publish","hentry"],"_links":{"self":[{"href":"http:\/\/moba.noethlich.info\/index.php?rest_route=\/wp\/v2\/pages\/520","targetHints":{"allow":["GET"]}}],"collection":[{"href":"http:\/\/moba.noethlich.info\/index.php?rest_route=\/wp\/v2\/pages"}],"about":[{"href":"http:\/\/moba.noethlich.info\/index.php?rest_route=\/wp\/v2\/types\/page"}],"author":[{"embeddable":true,"href":"http:\/\/moba.noethlich.info\/index.php?rest_route=\/wp\/v2\/users\/1"}],"replies":[{"embeddable":true,"href":"http:\/\/moba.noethlich.info\/index.php?rest_route=%2Fwp%2Fv2%2Fcomments&post=520"}],"version-history":[{"count":14,"href":"http:\/\/moba.noethlich.info\/index.php?rest_route=\/wp\/v2\/pages\/520\/revisions"}],"predecessor-version":[{"id":708,"href":"http:\/\/moba.noethlich.info\/index.php?rest_route=\/wp\/v2\/pages\/520\/revisions\/708"}],"up":[{"embeddable":true,"href":"http:\/\/moba.noethlich.info\/index.php?rest_route=\/wp\/v2\/pages\/406"}],"wp:attachment":[{"href":"http:\/\/moba.noethlich.info\/index.php?rest_route=%2Fwp%2Fv2%2Fmedia&parent=520"}],"curies":[{"name":"wp","href":"https:\/\/api.w.org\/{rel}","templated":true}]}}