{"id":583,"date":"2015-12-28T11:59:54","date_gmt":"2015-12-28T10:59:54","guid":{"rendered":"http:\/\/moba.noethlich.info\/?page_id=583"},"modified":"2018-08-12T13:26:53","modified_gmt":"2018-08-12T11:26:53","slug":"arduino-als-dcc-dekoder","status":"publish","type":"page","link":"http:\/\/moba.noethlich.info\/?page_id=583","title":{"rendered":"Arduino als DCC-Dekoder"},"content":{"rendered":"<p>\u00dcber einen High-Speed-Optokoppler vom Typ 6N137 kann der Arduino das DCC-Digital-Signal empfangen und mittels geeigneter Bibliotheken (z.B. NMRA-DCC-Library) auswerten.<\/p>\n<p>Zum schnellen und kompakten Aufbau habe ich im Dezember 2015 eine kleine Sockel-Platine f\u00fcr den Arduino Nano entworfen:<\/p>\n<p><a href=\"http:\/\/moba.noethlich.info\/wp-content\/uploads\/2015\/12\/nano-dcc-decoder-2015-11.png\"><img loading=\"lazy\" decoding=\"async\" class=\"aligncenter size-full wp-image-586\" src=\"http:\/\/moba.noethlich.info\/wp-content\/uploads\/2015\/12\/nano-dcc-decoder-2015-11.png\" alt=\"nano-dcc-decoder-2015-11\" width=\"531\" height=\"201\" srcset=\"http:\/\/moba.noethlich.info\/wp-content\/uploads\/2015\/12\/nano-dcc-decoder-2015-11.png 531w, http:\/\/moba.noethlich.info\/wp-content\/uploads\/2015\/12\/nano-dcc-decoder-2015-11-300x114.png 300w\" sizes=\"auto, (max-width: 531px) 100vw, 531px\" \/><\/a><\/p>\n<p><a href=\"http:\/\/moba.noethlich.info\/wp-content\/uploads\/2015\/12\/nano-dcc-decoder-2015-12b.png\"><img loading=\"lazy\" decoding=\"async\" class=\"aligncenter size-full wp-image-591\" src=\"http:\/\/moba.noethlich.info\/wp-content\/uploads\/2015\/12\/nano-dcc-decoder-2015-12b.png\" alt=\"nano-dcc-decoder-2015-12b\" width=\"600\" height=\"268\" srcset=\"http:\/\/moba.noethlich.info\/wp-content\/uploads\/2015\/12\/nano-dcc-decoder-2015-12b.png 600w, http:\/\/moba.noethlich.info\/wp-content\/uploads\/2015\/12\/nano-dcc-decoder-2015-12b-300x134.png 300w\" sizes=\"auto, (max-width: 600px) 100vw, 600px\" \/><\/a><\/p>\n<p>Neben ein paar Anschl\u00fcssen z.B. f\u00fcr Servos wurde auch der SPI-Anschluss kompatibel zu den <a href=\"http:\/\/moba.noethlich.info\/?page_id=297\">Schieberegister-Platinen<\/a> herausgef\u00fchrt. Mehr dazu z.B. im <a href=\"http:\/\/www.stummiforum.de\/viewtopic.php?f=21&amp;t=127899\" target=\"_blank\" rel=\"noopener\"><span style=\"color: #0066cc;\">Stummi-Forum<\/span><\/a>.<\/p>\n<p>Inzwischen wurde das Thema weiter ausgebaut &#8211; nicht zuletzt wegen der Entwicklung des <a href=\"https:\/\/www.stummiforum.de\/viewtopic.php?p=1635681#p1635681\" target=\"_blank\" rel=\"noopener\">Arduinobasierten DIY Zubeh\u00f6rdecoder<\/a>\u00a0im Stummi-Forum. Dazu passend habe ich eine weitere Platine entwickelt, die etwas einfacher zu nutzen ist:<\/p>\n<p><a href=\"http:\/\/moba.noethlich.info\/wp-content\/uploads\/2018\/08\/Nano-Dekoder-5c.jpg\"><img loading=\"lazy\" decoding=\"async\" class=\"aligncenter size-large wp-image-795\" src=\"http:\/\/moba.noethlich.info\/wp-content\/uploads\/2018\/08\/Nano-Dekoder-5c-1024x415.jpg\" alt=\"\" width=\"625\" height=\"253\" srcset=\"http:\/\/moba.noethlich.info\/wp-content\/uploads\/2018\/08\/Nano-Dekoder-5c-1024x415.jpg 1024w, http:\/\/moba.noethlich.info\/wp-content\/uploads\/2018\/08\/Nano-Dekoder-5c-300x122.jpg 300w, http:\/\/moba.noethlich.info\/wp-content\/uploads\/2018\/08\/Nano-Dekoder-5c-768x311.jpg 768w, http:\/\/moba.noethlich.info\/wp-content\/uploads\/2018\/08\/Nano-Dekoder-5c-624x253.jpg 624w, http:\/\/moba.noethlich.info\/wp-content\/uploads\/2018\/08\/Nano-Dekoder-5c.jpg 1200w\" sizes=\"auto, (max-width: 625px) 100vw, 625px\" \/><\/a><\/p>\n<p>Eine tiefer gehende Dokumentation meiner Platinen und Hinweise zur Nutzung mit der oben genannten Software gibt es als <a href=\"https:\/\/www.noethlich.net\/downloads\/platinen-dokumentation.pdf\" target=\"_blank\" rel=\"noopener\">PDF zum Download<\/a>.<\/p>\n","protected":false},"excerpt":{"rendered":"<p>\u00dcber einen High-Speed-Optokoppler vom Typ 6N137 kann der Arduino das DCC-Digital-Signal empfangen und mittels geeigneter Bibliotheken (z.B. NMRA-DCC-Library) auswerten. Zum schnellen und kompakten Aufbau habe ich im Dezember 2015 eine kleine Sockel-Platine f\u00fcr den Arduino Nano entworfen: Neben ein paar Anschl\u00fcssen z.B. f\u00fcr Servos wurde auch der SPI-Anschluss kompatibel zu den Schieberegister-Platinen herausgef\u00fchrt. Mehr dazu [&hellip;]<\/p>\n","protected":false},"author":1,"featured_media":0,"parent":17,"menu_order":0,"comment_status":"closed","ping_status":"closed","template":"","meta":{"footnotes":""},"class_list":["post-583","page","type-page","status-publish","hentry"],"_links":{"self":[{"href":"http:\/\/moba.noethlich.info\/index.php?rest_route=\/wp\/v2\/pages\/583","targetHints":{"allow":["GET"]}}],"collection":[{"href":"http:\/\/moba.noethlich.info\/index.php?rest_route=\/wp\/v2\/pages"}],"about":[{"href":"http:\/\/moba.noethlich.info\/index.php?rest_route=\/wp\/v2\/types\/page"}],"author":[{"embeddable":true,"href":"http:\/\/moba.noethlich.info\/index.php?rest_route=\/wp\/v2\/users\/1"}],"replies":[{"embeddable":true,"href":"http:\/\/moba.noethlich.info\/index.php?rest_route=%2Fwp%2Fv2%2Fcomments&post=583"}],"version-history":[{"count":10,"href":"http:\/\/moba.noethlich.info\/index.php?rest_route=\/wp\/v2\/pages\/583\/revisions"}],"predecessor-version":[{"id":796,"href":"http:\/\/moba.noethlich.info\/index.php?rest_route=\/wp\/v2\/pages\/583\/revisions\/796"}],"up":[{"embeddable":true,"href":"http:\/\/moba.noethlich.info\/index.php?rest_route=\/wp\/v2\/pages\/17"}],"wp:attachment":[{"href":"http:\/\/moba.noethlich.info\/index.php?rest_route=%2Fwp%2Fv2%2Fmedia&parent=583"}],"curies":[{"name":"wp","href":"https:\/\/api.w.org\/{rel}","templated":true}]}}